 = -4*v**3 + 9*v**2 - 3*v - 3. Let a(j) = 2*i(j) + 3*t(j). Suppose 3*d - 15 = -4*w, 3*w + 5*d = -w + 9. Give a(w).
3
Let k(j) be the second derivative of -j**3/6 + j**2/2 + 7*j. What is k(6)?
-5
Let j(x) be the first derivative of x**3/3 - 4*x**2 + 8*x + 49. Give j(7).
1
Let g be 6/(-2)*(-3 - -4). Let r(s) = -2*s**2 - 4*s + 1. Calculate r(g).
-5
Let i(x) = x**2 + 9*x + 9. Let f be i(-7). Let y(o) = o**3 + 6*o**2 + 5*o + 2. What is y(f)?
2
Let i = 3 - 0. Let f = i - 3. Suppose -s - 1 = f, -4*s - 5 = 5*x + 4. Let q(t) = -8*t**2 + t. Give q(x).
-9
Suppose -n + 6 - 1 = 0. Suppose 2*x = -2*x + n*q + 36, 5*q + 4 = -4*x. Let o(w) = -w**2 + 2 - 2 - x - w - w**3 + 0. Calculate o(0).
-4
Let t(w) = w + 9. Suppose 0 = -2*u + 5*g - 18, 5*u - 10*u + 4*g = 28. Calculate t(u).
5
Let w(d) be the third derivative of 1/6*d**3 + 0 + 0*d + 5/24*d**4 + d**2 + 1/60*d**5. Calculate w(-4).
-3
Let g(z) = 2*z**3 + z**2 - 3*z + 2. Let f be g(1). Let p be 4*2*f/16. Let j(x) = 11*x**3 + x**2 - 2*x + 1. Determine j(p).
11
Let m be (-6 - -2) + (-3 - -10). Suppose p - 6 = -3*u + m*p, -p - 8 = -4*u. Let c(b) = b**2 - b + 2. Determine c(u).
4
Let c = -164 - -167. Let a(g) = -3*g + 2. Calculate a(c).
-7
Let r = 7 + -5. Let a(m) = -m**2 + m**r - m**2 - m**2 + 1 - m**3. Let k be a(-1). Let z(y) = -y**3 + y**2 + 1. Determine z(k).
1
Let k(u) = -u**3 + 5*u**2 + 7*u - 3. Let q = -23 + 29. Calculate k(q).
3
Let u(l) = l**3 - 3550*l + 1 + 3549*l - 9*l**3. Let m be -1*2*(-4 - -2). Suppose -4*g - m = -4*b, 2*b = -4*g - 3 + 5. Calculate u(b).
-8
Suppose 16 = 4*z, -f + 5*z - 2*z = 11. Let v(n) = 8*n**2 - 2*n + 1. Give v(f).
7
Suppose -2*d - 2*d = -4. Let h(c) = c**3 + 2*c**2 - 3*c + 2. Let w be h(-3). Suppose -a = -w - d. Let x(r) = r - 2. Give x(a).
1
Let p(z) = -z**2 + 4*z + 8. Suppose -4 = -5*r + 21. Let b be p(r). Let y(w) = w**3 - 2*w**2 - 4*w - 1. Give y(b).
-4
Let s(z) = -z**3 + 9*z**2 - 8*z + 11. Suppose 3*o - 1 = 23. Determine s(o).
11
Let z(a) = 3*a - 13 - 16 + 44 - 14. Give z(1).
4
Let y be (2/3)/((-4)/(-36)). Let x(o) = -o**3 + 7*o**2 - 7*o + 9. Let a be x(y). Let i(r) = r**2 + 1 + 2 - r - 3*r. Calculate i(a).
0
Let d(w) = 2 - 6*w - 5 + 1 - w. Calculate d(-1).
5
Let t(k) be the second derivative of k**4/4 - k**3/6 - k**2/2 + 16*k. Let o(c) = -4*c - 2. Let z be o(-2). Let g be 1/2 + z/(-4). Calculate t(g).
3
Let t(w) = -2*w**2 + 2. Suppose 14 - 16 = -i. What is t(i)?
-6
Let w be 33/22*2/3. Let z be 4 - (3 - w - 4). Let o(h) = h - 9. Give o(z).
-3
Let l(q) = -q**3 + 5*q**2 + 4. Let v be -18*2/(-8)*2. Let m = v - 4. Calculate l(m).
4
Let u(w) = -w**3 - 7*w**2 - 6*w - 5. Let b = -57 + 51. Give u(b).
-5
Suppose i - 5*i = -20. Let y(d) = -d**3 + 4*d**2 + 5*d - 2. Determine y(i).
-2
Let i(c) = -c**2 - c - 22. Let b be 0/((-3 - -1)*5/(-5)). What is i(b)?
-22
Let l(c) = -5*c**3 + 4*c**2 - 18*c - 1. Let d(q) = -2*q**3 + q**2 - 6*q. Let k(y) = 8*d(y) - 3*l(y). Calculate k(-5).
-2
Suppose 4*r + 5 - 1 = 0. Let u(d) = 11*d - 1. Give u(r).
-12
Let j(x) = -x + 3. Let k be j(8). Let v(u) = -3*u**2 + 5*u - 11. Suppose 0*n = -5*n - 20. Let g(r) = -2*r**2 + 5*r - 10. Let h(z) = n*g(z) + 3*v(z). Give h(k).
7
Let s(h) = h**2 + 5*h + 3. Let l = 27 - 21. Suppose 25 = t - l*t. Determine s(t).
3
Let n(p) be the first derivative of p**4/4 + 5*p**3/3 + p - 22. Determine n(-4).
17
Let b = 6 - 3. Let y(t) = t**3 - 2*t**2 - 5*t + 3. Let j be y(b). Let d(z) = -z**3 - 5*z**2 - 3*z. Determine d(j).
-9
Let v(y) = 2*y - 1 - 3*y - y. What is v(-1)?
1
Let g be -1*(-3 + -1 + 0). Let x(u) be the third derivative of u**6/120 - u**5/15 - u**4/12 + u**3 + 34*u**2. Determine x(g).
-2
Suppose 5*s = 5*a - 5, -1 = 3*s - a + 4. Let i(c) = -c**3 - 5*c**2 + 3*c + 6. Let q(h) = -2*h**3 - 11*h**2 + 7*h + 13. Let b(g) = 9*i(g) - 4*q(g). What is b(s)?
8
Let l(n) be the second derivative of -n**5/20 + n**4/12 + 5*n**3/6 - n**2 - 2*n. Suppose d - 4*h = -13, -2*d + 3*d - 2*h = -5. Calculate l(d).
-5
Suppose 4*h - 2*s = -6*s, -s - 4 = -h. Let l(o) = h*o + 1 - 3*o - 3. Let z = -7 + 12. Calculate l(z).
-7
Let c(o) = -3*o**2 - 3*o - o**2 - 6*o**2 + 8*o**2 - 4. Calculate c(-3).
-13
Let x be (-1)/6 + 8/48. Suppose x = -0*h - 3*h + 3. Let v be 0 + -3 - -2 - h. Let i(f) = -3*f + 2. Determine i(v).
8
Suppose -5*o = 2*g + 11, -5*o - 15 = -0*o. Let d(j) = j**3 - 4*j - 2*j**3 + 6*j**g - 2*j. Calculate d(5).
-5
Suppose 3 = 2*y - 1. Suppose 0 = g - 1 - 2. Let s(j) = -g + 5 - j + 0*j. What is s(y)?
0
Let h(b) = -b**2 - 11*b + 4. Let d be h(-10). Suppose 9*n = 4*n - w + 14, -3*n = -5*w + d. Let u(v) = -5*v + 2. Calculate u(n).
-8
Let k(m) be the first derivative of m - 3 - 3/2*m**2. Calculate k(3).
-8
Let m(i) be the third derivative of -i**8/10080 - i**7/720 - i**6/144 + i**5/12 - 6*i**2. Let l(t) be the third derivative of m(t). Give l(-4).
-9
Let w(t) = t**2 - 5*t + 3. Let y(j) = j**2 - j - 8. Let f(p) = -p**2 + 8. Let u(d) = -5*f(d) - 6*y(d). Let o be u(7). Let n be (-4)/(-6)*6/o. Give w(n).
-1
Let q(j) be the third derivative of 0*j + 1/6*j**4 + 1/60*j**5 + 0 - 1/6*j**3 - 3*j**2. Let b(s) = -s**2 + 6*s + 3. Let x be b(7). Give q(x).
-1
Let n = -4 - -2. Let d = -1 + n. Let g(o) = 2*o**2 + 3*o + 3. Let k(l) = -4*l**2 - 5*l - 6. Let w(h) = -5*g(h) - 2*k(h). What is w(d)?
-6
Suppose -3*p + 3*q + 2*q = -8, -3 = -p + 2*q. Let t = 5 - p. Let g(k) = -k**2 + 3*k - 1. Give g(t).
-5
Let r be -5*4/(-10)*1. Let t(s) = -s**2 + 2*s. Calculate t(r).
0
Let x(s) = -s - 3. Let w(q) = 5*q**2 + q - 10. Suppose 3*m - 5*m = -8. Let o(t) = -4*t**2 + 9. Let b(i) = m*o(i) + 3*w(i). Let d be b(5). Give x(d).
1
Let q(n) = 27*n - 6*n**2 + 3 - 58*n + 29*n. Determine q(2).
-25
Let p(b) be the third derivative of -b**5/30 - b**4/8 + b**3 - 8*b**2. Let j(h) = -h + 1. Let t(m) = -5*j(m) + p(m). Let n = 2 - 0. What is t(n)?
-3
Let q(i) be the first derivative of i**2/2 + i + 9. Let v(w) = -w**2 + 2*w - 1. Let p be v(1). Determine q(p).
1
Let u be 3*(-3)/(9/2). Let g = 4 + u. Let z(s) = s**2 + 0*s**2 - 2*s - 5*s**g + 1. Determine z(1).
-5
Let j(w) = w - 3. Let c be -2 + 1 + (-6)/3. Determine j(c).
-6
Let d(u) = u**3 + 3*u**2 + 2*u. Suppose -4*j = -33 - 23. Suppose 5*o + j = 4. Determine d(o).
0
Let k(x) = 6*x - 3. Let l(t) = 4*t - 2. Let a(c) = 5*k(c) - 7*l(c). Let w be (-1 + 1/5)*-5. Determine a(w).
7
Let b(p) = 2*p**2 - 3*p - 2. Suppose -3*z = 2*r - 2, 4*z = r + 34 - 13. Suppose -2*u = -10 + z. What is b(u)?
7
Let s(h) = -13*h. Let p = -6 - -10. Suppose 5*u = u + p. Calculate s(u).
-13
Let v(x) = -7*x**3 - 11*x**2 + 5*x + 11. Let d(b) = -10*b**3 - 16*b**2 + 7*b + 16. Let n(z) = 5*d(z) - 7*v(z). Calculate n(-3).
3
Let m(c) = -6*c**2 + 12*c - 9. Let r be m(1). Let j(l) = -5*l**3 + 4*l. Let s(n) = n**3 - n**2 - n. Let z(q) = j(q) + 4*s(q). What is z(r)?
-9
Let z(c) = c**3 + 3*c**2 - 7*c - 6. Let b(h) = -h**3 - 2*h**2 + h - 2. Let p be b(-3). Suppose 4*r = -w - 24, p*r = 6 - 26. Give z(w).
6
Let m(k) = k. Let u(a) = -a - 16. Let s(g) = 2*m(g) + u(g). Suppose o = -4*o - 3*d + 52, 5*o = -2*d + 53. Let i be s(o). Let l(n) = -n + 2. What is l(i)?
7
Let a(s) = -3*s + 15. Let l(p) = -p + 1. Let d(t) = a(t) - 4*l(t). Determine d(-8).
3
Let w be (-7)/2 - (-15)/(-10). Let f(r) = r - 11. Let d(a) = 2*a - 22. Let s(x) = w*f(x) + 3*d(x). Calculate s(6).
-5
Let b(h) = h**3 - 5*h**2 + 5*h + 1. Let n = -48 - -52. Determine b(n).
5
Let y(b) = b + b + 0*b - 2 - 4*b. Give y(-2).
2
Let y be (-2 + 1)/(1/(-2)). Let m = -7 + 11. Let s(j) = -4 + m*j - j**3 + 16 - 6*j - 11 + 3*j**2. Give s(y).
1
Let v be (-8)/(-16) + 11/2. Let d(k) = -k**3 + 5*k**2 + 8*k - 2. What is d(v)?
10
Suppose -4*f + 3 = -3*r - 0, 4*r + 4 = -f. Let m(p) be the third derivative of f*p + 1/10*p**5 + 0 - 1/12*p**4 + 1/6*p**3 + 2*p**2. Give m(1).
5
Let l be (-6 - (-1 - -3)) + 2. Let x(d) = 3*d - 1 - 4*d + 0*d. What is x(l)?
5
Suppose q = -z - 3*z + 16, -z + 11 = 2*q. Let c(j) = -j**3 - 3*j - j**2 + 4*j**2 + 0*j**z. Let b be -1 + 3 + (1 - 1). Calculate c(b).
-2
Let k(h) = -4*h**2 - 2*h - 1. Suppose q = -3*q - 4. What is k(q)?
-3
Suppose 3*s - z = -0*s + 15, 2*z - 20 = -4*s. Let p(f) be the first derivative of f**4/4 - 5*f**3/3 - f**2 + 3*f + 1. Calculate p(s).
-7
Let d = -6 - 4. Let s = -32 - -47. Let o = s + d. Let n(r) = -r**2 + 5*r + 2. Determine n(o).
2
Let j = 33 - 9. Suppose -2*a = -4*a + j. Suppose b = 4*b + a. Let o(p) = -2